late the remainder when 18933478 is divided by 2115.
2113
Calculate the remainder when 295447 is divided by 36.
31
Calculate the remainder when 19918 is divided by 9875.
168
What is the remainder when 516110 is divided by 244?
50
Calculate the remainder when 4780996 is divided by 1071.
52
What is the remainder when 1225981 is divided by 97?
95
What is the remainder when 378111 is divided by 7?
6
What is the remainder when 215886568 is divided by 568?
560
Calculate the remainder when 14616080 is divided by 50400.
80
Calculate the remainder when 3112212 is divided by 282928.
4
Calculate the remainder when 1879990496 is divided by 7833.
7832
Calculate the remainder when 626219 is divided by 406.
167
What is the remainder when 292289 is divided by 40?
9
Calculate the remainder when 10381159 is divided by 10780.
19
Calculate the remainder when 1865 is divided by 233.
1
Calculate the remainder when 50185744 is divided by 29.
26
Calculate the remainder when 27483860 is divided by 11.
8
What is the remainder when 1266054 is divided by 1500?
54
What is the remainder when 34928092 is divided by 243?
1
What is the remainder when 17652 is divided by 3913?
2000
Calculate the remainder when 53083783 is divided by 2627.
2621
Calculate the remainder when 1075445 is divided by 101.
98
Calculate the remainder when 66558 is divided by 1411.
241
Calculate the remainder when 2564538 is divided by 2859.
15
Calculate the remainder when 52265 is divided by 655.
520
What is the remainder when 2338417 is divided by 779469?
10
Calculate the remainder when 2467461 is divided by 362.
69
Calculate the remainder when 168749 is divided by 21088.
45
What is the remainder when 13863290 is divided by 1119?
1118
Calculate the remainder when 476402 is divided by 4662.
878
What is the remainder when 15672809 is divided by 2889?
2873
What is the remainder when 698817 is divided by 11?
9
Calculate the remainder when 13630563 is divided by 54305.
8
Calculate the remainder when 20530203 is divided by 347.
295
Calculate the remainder when 1685934 is divided by 3858.
3846
Calculate the remainder when 1214130 is divided by 156.
138
Calculate the remainder when 32932 is divided by 962.
224
Calculate the remainder when 69394 is divided by 1525.
769
Calculate the remainder when 94560 is divided by 3653.
3235
What is the remainder when 8742031 is divided by 130478?
5
What is the remainder when 403600 is divided by 19216?
64
What is the remainder when 674855 is divided by 3391?
46
Calculate the remainder when 2437317 is divided by 7712.
325
What is the remainder when 19748695 is divided by 280?
15
Calculate the remainder when 8325525 is divided by 43.
37
What is the remainder when 351946891 is divided by 16?
11
What is the remainder when 45637718 is divided by 45637704?
14
Calculate the remainder when 20296317 is divided by 151465.
7
Calculate the remainder when 26932006 is divided by 10.
6
Calculate the remainder when 531891 is divided by 103.
102
What is the remainder when 4182551 is divided by 1394117?
200
Calculate the remainder when 9658285 is divided by 689876.
21
What is the remainder when 635755 is divided by 404?
263
Calculate the remainder when 1174578 is divided by 9788.
18
Calculate the remainder when 67106 is divided by 416.
130
Calculate the remainder when 5437869 is divided by 116.
21
What is the remainder when 25762 is divided by 7342?
3736
Calculate the remainder when 56836444 is divided by 28418219.
6
What is the remainder when 30995 is divided by 886?
871
Calculate the remainder when 5065564 is divided by 213.
211
Calculate the remainder when 76807 is divided by 25043.
1678
Calculate the remainder when 5429949 is divided by 34.
13
Calculate the remainder when 30564640 is divided by 8351.
8331
Calculate the remainder when 48137384 is divided by 59.
51
What is the remainder when 1203485053 is divided by 712?
709
Calculate the remainder when 24113058 is divided by 168622.
112
What is the remainder when 2233683 is divided by 219?
102
Calculate the remainder when 664611 is divided by 97.
64
What is the remainder when 1265774 is divided by 86?
26
What is the remainder when 115672567 is divided by 45?
22
What is the remainder when 46426 is divided by 5706?
778
What is the remainder when 19781352 is divided by 1187?
1184
Calculate the remainder when 5575429 is divided by 615.
454
What is the remainder when 12070 is divided by 1977?
208
What is the remainder when 471809 is divided by 23574?
329
What is the remainder when 3244496 is divided by 145?
121
What is the remainder when 98061210 is divided by 32687069?
3
Calculate the remainder when 132563 is divided by 10973.
887
Calculate the remainder when 2014278 is divided by 1872.
6
What is the remainder when 4343878 is divided by 166?
156
What is the remainder when 24440 is divided by 794?
620
Calculate the remainder when 59216 is divided by 4047.
2558
What is the remainder when 10447826 is divided by 1492546?
4
What is the remainder when 6302608 is divided by 420173?
13
What is the remainder when 158298912 is divided by 94?
92
Calculate the remainder when 743675 is divided by 74363.
45
Calculate the remainder when 16832 is divided by 1868.
20
Calculate the remainder when 410215423 is divided by 8475.
8473
What is the remainder when 1650653 is divided by 1880?
13
Calculate the remainder when 140946 is divided by 2430.
6
Calculate the remainder when 593751771 is divided by 436.
431
What is the remainder when 19938800 is divided by 1515?
1400
Calculate the remainder when 739664 is divided by 754.
744
Calculate the remainder when 392004 is divided by 2347.
55
Calculate the remainder when 15550801 is divided by 148.
145
Calculate the remainder when 5855328 is divided by 13.
11
What is the remainder when 1393990 is divided by 1000?
990
Calculate the remainder when 6743668 is divided by 3371826.
16
What is the remainder when 626694 is divided by 104447?
12
Calculate the remainder when 693234 is divided by 8.
2
Calculate the remainder when 524242 is divided by 622.
518
What is the remainder when 445271 is divided by 14360?
111
Calculate the remainder when 35898037 is divided by 11966007.
16
Calculate the remainder when 8208415 is divided by 7.
5
Calculate the remainder when 35251171 is divided by 22.
21
What is the remainder when 552233 is divided by 5544?
3377
Calculate the remainder when 2679925 is divided by 39.
1
What is the remainder when 5531030 is divided by 1842897?
2339
Calculate the remainder when 4852410 is divided by 257.
250
What is the remainder when 2958180 is divided by 89?
87
What is the remainder when 8080 is divided by 2750?
2580
What is the remainder when 1028988 is divided by 582?
12
What is the remainder when 120685478 is divided by 8?
6
Calculate the remainder when 171217 is divided by 171041.
176
What is the remainder when 47967 is divided by 465?
72
What is the remainder when 2453946 is divided by 17?
13
What is the remainder when 1318118650 is divided by 6544?
6538
What is the remainder when 18261 is divided by 1577?
914
What is the remainder when 100340 is divided by 48656?
3028
Calculate the remainder when 626073 is divided by 205.
3
Calculate the remainder when 152836 is divided by 1329.
1
What is the remainder when 9697472 is divided by 35?
22
What is the remainder when 41173 is divided by 2806?
1889
What is the remainder when 1136215132 is divided by 16?
12
What is the remainder when 3345278 is divided by 18?
14
What is the remainder when 3731737 is divided by 441?
436
What is the remainder when 16063601 is divided by 16063601?
0
What is the remainder when 436891 is divided by 22987?
138
What is the remainder when 2235700 is divided by 123?
52
What is the remainder when 551646297 is divided by 6126?
6123
Calculate the remainder when 385495 is divided by 190.
175
What is the remainder when 18898454 is divided by 677?
676
What is the remainder when 6892705 is divided by 5057?
14
Calculate the remainder when 31698 is divided by 2092.
318
What is the remainder when 4434867 is divided by 929?
750
Calculate the remainder when 74575 is divided by 37131.
313
What is the remainder when 186853 is divided by 149?
7
What is the remainder when 3914746 is divided by 652453?
28
Calculate the remainder when 56329 is divid